. What is the tens digit of m?
6
Let l = -76 - -82. Let k(n) = 2*n**2 + 6*n + 7. Let h be k(-5). What is the tens digit of 166/l + (-18)/h?
2
Suppose -3*t + 2*m = -t - 6260, 15 = 5*m. What is the units digit of t?
3
Let q = 486 - 283. Suppose -5*a + q = 2*a. What is the tens digit of a?
2
Let y(g) = g**2 + 10*g + 20. Let i(b) = b. Let v(w) = -3*w + 21. Let n be v(9). Let t(q) = n*i(q) - y(q). What is the units digit of t(-14)?
8
Let v(n) = -16*n - 2. Suppose -8 = -2*j - 0. Suppose j = k - 5*k. What is the tens digit of v(k)?
1
Suppose 0*v = n + 3*v - 23, 2*v - 34 = -3*n. Let x be (-2)/n + (-51)/(-12). Suppose -x*a + g = -81, -2*a + 5*g + 63 = -0. What is the units digit of a?
9
Suppose 74*y + 1928 = 2*k + 76*y, -5*k = 3*y - 4826. What is the units digit of k?
7
Let h(i) = 9*i + 1. Let b be (1/(-2) + 2/4)*1. What is the units digit of h(b)?
1
Let k = 21 + -32. Let a(h) = 2*h + 11. Let s be a(k). Let b = 48 - s. What is the tens digit of b?
5
What is the thousands digit of (1/10)/((-145)/(-5462150))?
3
Let h = -23 - -29. Let p(o) = -o + 11. Let u be p(h). Suppose -54 = -u*c - 9. What is the units digit of c?
9
Suppose -p = -4*t + 14, -3*t - 2 + 22 = 4*p. Suppose -t*k = -0*k - f + 38, f + 52 = -5*k. What is the tens digit of 28 + 0 - (k + 8)?
3
Suppose 3*m - 4237 = -2*h, -7*m - 5646 = -11*m - h. What is the thousands digit of m?
1
Suppose 0 = z - 4*d + 25, -3*z + 0*z + 3*d - 30 = 0. What is the tens digit of -2 + 73*(-5)/z?
7
Let l = 1099 + -364. What is the tens digit of l?
3
Suppose -30*p = -32*p + 264. Let m = p + 95. What is the units digit of m?
7
Let p = 99 + -57. Suppose 3*t - 114 = p. What is the units digit of t?
2
Suppose 3*j - 2*y + 20 = -39, 0 = j - 3*y + 15. Let c = -6 - j. What is the tens digit of c?
1
Suppose 3*k + 0*k - 9 = 0. Let r(q) = 3*q**3 - 2*q**2 - 3*q + 5. Let w be r(k). Suppose -58 = -3*j + w. What is the units digit of j?
9
Let m = -52 - -56. Suppose 6*x - 112 = m*x. What is the units digit of x?
6
Suppose -u - 2 = 0, -2*f - 5*u + u = 4. Suppose -5*b = 3*d - 255, f*b = 5*d - d + 102. What is the tens digit of b?
5
Suppose -s + 5 = -2. Let i = s + -4. Suppose -i*k - 2*n - 2*n = -81, -2*k + 61 = 5*n. What is the tens digit of k?
2
Suppose 0 = 3*v - q - 1603, 3*v - q + 3*q = 1591. Suppose 5*k + 115 = h, 5*h - 3*k - k = v. Suppose -5*j + h = -10. What is the units digit of j?
3
Let b(f) be the second derivative of -f**3/6 + 7*f**2 + f + 4. Let z(i) = i**2 - 9*i + 7. Let j be z(7). What is the tens digit of b(j)?
2
Suppose 0 = 2*x - 2, -11*u - 4*x = -14*u + 5183. What is the tens digit of u?
2
Suppose -n - 818 = -3*n. What is the units digit of n?
9
Suppose -2*u + 70 - 624 = 0. Let t = u - -428. What is the units digit of t?
1
Let f = 2 - -1. Suppose 9*o = f*o + 234. What is the units digit of o?
9
Let l = 4 + 703. Suppose 39 = 5*c - u - 667, -2*u = -5*c + l. What is the hundreds digit of c?
1
Let s(j) = -2*j**2 + 3*j + 1. Let m be s(9). Let v = 196 + m. What is the units digit of v?
2
Suppose 3*q - q - 4092 = -m, -4*q - 3*m + 8180 = 0. What is the tens digit of q?
4
Let i(s) = s**2 + 2*s + 4. Let x be i(0). Suppose 2*z - 4*y - 18 - 18 = 0, -4 = x*y. Suppose -3*b + z = -2. What is the units digit of b?
6
Suppose -8*x - 94 = -7*x + k, -x + 5*k = 82. What is the tens digit of (-8)/(-2 + -2) - x?
9
Suppose m + 23 - 19 = 0. What is the units digit of -183*m/(-18)*(-3)/2?
1
Let g(z) = -1310*z**3 - 4*z - 3. What is the units digit of g(-1)?
1
Suppose s - 15 = -2*s + f, -13 = -4*s - f. Suppose 2*k - 112 = -3*w, 113 + 133 = s*k - 5*w. What is the units digit of k?
9
Suppose 0 = 4*d - 5 - 23. Suppose d*g - 135 = 2*g + 2*j, 0 = g + j - 27. What is the tens digit of g?
2
What is the tens digit of (11 - 17) + 8 - -890?
9
Let j(r) = -3*r**3 + 2*r**2 - r + 720. What is the tens digit of j(0)?
2
Let z(h) = -2*h + 8. Suppose 4*b - 12 = 2*f, -5*b = f - 5 - 10. Suppose f*a + 2*a = 0. What is the units digit of z(a)?
8
Let m(k) be the second derivative of k**3/6 - 12*k**2 - 2*k. Let s be m(0). What is the units digit of (-6)/14 - s/7?
3
Suppose -5 = -h + 11. Suppose 2*d = -h + 56. What is the tens digit of d/(-3*4/(-6))?
1
Let x(u) = u**2 - 7*u + 5. Let l be x(5). Let n = l - -14. What is the units digit of n?
9
Suppose 1968 + 177 = 13*m. What is the tens digit of m?
6
Suppose -5*j - 8 = -6*j. Let l(y) = 4*y - 6. What is the units digit of l(j)?
6
Suppose 78 = h - 7*h. Let p = -11 - h. Suppose 13 = p*o - 3. What is the units digit of o?
8
Suppose t = -4*d - 35 + 2, -5*d = -4*t + 57. Let z = d - -12. Suppose z*j + 4*s - 136 = -s, 2*s = 5*j - 206. What is the tens digit of j?
4
Let u = 640 - -66. What is the tens digit of u?
0
Suppose 4*t = 2*t + 34. Suppose s - t = 4*c + 21, -4*s + 2*c + 180 = 0. What is the units digit of s?
6
What is the hundreds digit of 1648 - (82/(-287))/((-1)/21)?
6
Let s = 33 - 38. Let d be (-70)/(-28)*(-12)/s. Suppose 0 = -d*v + v + 30. What is the units digit of v?
6
Suppose -3*y - 42 - 188 = 5*w, -8 = 2*w. What is the tens digit of (((-560)/(-25))/4)/((-4)/y)?
9
Suppose -3*o + p + 28 = -0*p, -16 = -o + 2*p. Let v = 9 + -6. Suppose -z + o = -i, -v*i - 15 = -5*z + 23. What is the units digit of z?
7
Let u(c) = c**2 - 8*c - 22. Let a(q) = -q**3 - 5*q**2 - 3*q - 2. Let g be a(-5). What is the units digit of u(g)?
3
Let w be ((-12)/16)/(3/(-144)). Let m be w/7 - 7/49. Suppose m*f - 6*n + 3*n - 116 = 0, 4*f = 2*n + 92. What is the tens digit of f?
2
Let u(v) = -v**3 + 7*v**2 + 6*v - 6. Let g be u(4). Let w = -134 + g. Let o = w + 152. What is the units digit of o?
4
Let n be 5/(-25) - (-1502)/10. Suppose n = 4*c - 3*j, 2*j - 6*j = c - 47. What is the tens digit of c?
3
What is the units digit of 1554/(-4)*188/(-141)?
8
Suppose -b + 6 = 4. Suppose -b*l - 2*l = 60. Let w = 26 + l. What is the tens digit of w?
1
Let w = 58 + -106. Let s = w + 78. What is the tens digit of s?
3
Suppose g + 12 = 4*g. Suppose 0 = 4*s - 4*n - 212, -7*n + g*n = -12. What is the tens digit of s?
5
Let t = 155 - -1. Let b = -87 + t. What is the tens digit of b?
6
Let m = 854 - -2241. What is the tens digit of m?
9
Let u(o) = -o**3 - 17*o**2 + 17*o - 16. Let p be u(-18). Suppose 240 = w + 3*i, 2*w - p*i - 500 = 2*i. What is the tens digit of w?
4
Suppose -15*r = -20*r + 20. Suppose -x - a = -r*x + 78, -24 = -x + a. Let j = 54 - x. What is the units digit of j?
7
Suppose 740*m - 759*m + 85082 = 0. What is the units digit of m?
8
Suppose -107*f = -110*f + 1275. What is the hundreds digit of f?
4
Let p = 19 - 18. Suppose -5*n + 15 = -f, -2*n + 3*f + 5 = -p. Suppose 5*j + n*q = -16 + 52, 0 = q + 3. What is the units digit of j?
9
What is the thousands digit of (804/2)/((-14)/(-35))?
1
Let x = -39 + 14. Suppose -5*f = 5*m + 155, -2*m - 3*f - 55 = 11. Let p = x - m. What is the units digit of p?
2
Suppose -3*j - 4 = -1. Let m = 1 - j. Suppose -m*c + 5*c = 2*y - 131, 2*y + 2*c - 106 = 0. What is the tens digit of y?
5
Let p(y) = 68*y**2 - 9*y + 9. What is the tens digit of p(4)?
6
Let a(p) = p**3 - p + 2. Let i be a(0). Suppose u = -2*u + 12, 2*u = i*m + 194. Let j = 132 + m. What is the units digit of j?
9
What is the units digit of (2/3)/((-46)/(-33051))?
9
Let v = -298 + 821. What is the units digit of v?
3
Let b(p) = 10*p - 9. Let y be 168/44 + 2/11. What is the tens digit of b(y)?
3
Suppose 3*r = -5*g + 9010, -8990 = -5*g - 99*r + 100*r. What is the tens digit of g?
9
Let v(p) = -4*p + 4. Let n(r) = -5 - 1 + 4 - 3*r**2 + 3*r. Let h be n(2). What is the tens digit of v(h)?
3
Suppose 3*v - 42 = v. Suppose -j = -3*o - v, 3*j = 2*o - 3*o + 93. What is the tens digit of j?
3
Let g = 66 + -58. Suppose 0 = g*i - 1357 + 221. What is the units digit of i?
2
Suppose w + 41 = -d - 37, 4*d + 152 = -2*w. Let k = w + 149. What is the units digit of k?
9
Let y = 19 + 30. Suppose -c + y - 13 = 0. What is the units digit of c?
6
Let t(j) be the third derivative of 0 + 1/30*j**5 - j**2 - 5/8*j**4 + 0*j**3 + 0*j. What is the tens digit of t(11)?
7
Let u(z) = -z**3 + 18*z**2 - 25*z - 4. Let d be u(9). Suppose 3*x + p - 294 = 4*p, d = 5*x + 5*p. What is the units digit of x?
9
Suppose -t - 63 = 48. Let y = t + 155. What is the tens digit of y?
4
Let m(y) = 9*y**2 + 2*y + 5. Let u be m(3). Let r = 156 - u. What is the units digit of r?
4
Suppose 4*u + 83 = b - 2*b, b = 